7).
-5
Let j(v) = -2*v**3 + v**2 + v - 1. What is j(-2)?
17
Let n(d) = -13*d + 470. Determine n(36).
2
Let a(k) = 5*k - 56. What is a(13)?
9
Let z(i) = -i + 3. Determine z(-13).
16
Let l(c) = -4*c**2 + 4*c - 3. Determine l(-3).
-51
Let j(p) = p**3 - 10*p**2 + 2*p - 1. What is j(10)?
19
Let p(o) = -4*o + 12. Calculate p(5).
-8
Let g(l) = -l**2 - 10*l + 29. Determine g(-12).
5
Let l(f) = 6*f - 13. Determine l(12).
59
Let r(t) = 4*t + 7. Calculate r(-4).
-9
Let l(x) = -5*x + 36. What is l(9)?
-9
Let f(l) = l**3 - 6*l**2 + 3*l - 1. Determine f(6).
17
Let d(s) = -3*s - 1. Calculate d(4).
-13
Let f(h) = h**3 - 24*h**2 + h - 49. Calculate f(24).
-25
Let f(n) = n**3 + 8*n**2 - 24*n - 15. Give f(-10).
25
Let t(n) = 7*n - 251. Calculate t(36).
1
Let w(g) = g**3 + 3*g**2 - 5. What is w(-4)?
-21
Let s(t) = 12*t - 10. Determine s(2).
14
Let h(n) = 17*n**3 - 2*n**2 + n + 2. Calculate h(-1).
-18
Let n(b) = -b**2 + 7*b - 7. Determine n(4).
5
Let s(h) = -h**3 + 10*h**2 - 20*h + 10. Calculate s(4).
26
Let m(v) = -v**2 - 3*v - 4. What is m(-6)?
-22
Let w(u) = -u**3 + 7*u**2 + 6*u + 2. Calculate w(8).
-14
Let h(s) = s**3 - 8*s**2 - 11*s + 28. What is h(9)?
10
Let b(a) = -a**3 - 3*a**2 + 7*a - 1. Give b(-5).
14
Let s(m) = -27*m + 2. Determine s(-1).
29
Let t(x) = 19*x + 24. Give t(-6).
-90
Let l(f) = 92*f - 469. Determine l(5).
-9
Let z(g) = -3*g - 26. Calculate z(-10).
4
Let n(b) = -16*b + 40. Give n(3).
-8
Let h(s) = s**2 + 11*s + 3. Determine h(-8).
-21
Let a(p) = 105*p + 740. Calculate a(-7).
5
Let z(v) = v**3 + 29*v**2 + 53*v + 22. Determine z(-27).
49
Let c(k) = -k**2 + 8*k + 8. Give c(8).
8
Let b(m) = m**2 - 2*m - 12. What is b(6)?
12
Let m(t) = -t - 7. Calculate m(3).
-10
Let w(z) = 3*z**2 - 29*z - 4. Determine w(12).
80
Let z(c) = 2*c**2 - 10*c + 27. Calculate z(6).
39
Let s(p) = -p**2 - 6*p + 8. Calculate s(5).
-47
Let u(f) = f**3 - 10*f**2 + 9*f + 12. Calculate u(9).
12
Let q(b) = -b**3 - b**2 + 15*b + 7. Calculate q(-4).
-5
Let x(m) = -m**3 - 6*m**2 - 12*m - 8. What is x(-4)?
8
Let j(s) = -s**3 - 2*s**2 - 5*s - 4. Determine j(-1).
0
Let a(n) = -n**3 - 9*n**2 - 20*n + 3. Calculate a(-4).
3
Let y(m) = 3*m**2 - 3*m - 3. Determine y(3).
15
Let p(n) = 3*n**2 - 4*n - 3. What is p(-2)?
17
Let l(d) = d**2 + 3*d - 14. Calculate l(7).
56
Let r(y) = y**3 - 8*y**2 + 2*y - 1. What is r(8)?
15
Let s(a) = -a**3 + 11*a**2 - 4*a + 32. Determine s(11).
-12
Let r(a) = 2*a + 1. Give r(6).
13
Let k(c) = c + 13. Calculate k(-4).
9
Let f(c) = 3*c + 4. Give f(-5).
-11
Let z(s) = -s + 4. Calculate z(4).
0
Let r(a) = -23*a**3 - 2*a - 3. Determine r(-1).
22
Let g(m) = m + 15. Give g(-4).
11
Let x(u) = u**2 + 36*u + 208. Give x(-29).
5
Let s(g) = -g**2 - 10*g - 14. Determine s(-8).
2
Let f(l) = l**2 - 4*l - 3. Determine f(4).
-3
Let s(y) = -y**2 - 8*y + 54. Determine s(-13).
-11
Let c(y) = -y**3 - 23*y**2 - 4*y - 90. Determine c(-23).
2
Let k(l) = l**2 + 13*l. Calculate k(-13).
0
Let c(a) = a**3 - 10*a**2 - 6*a + 30. What is c(9)?
-105
Let t(j) = 3*j**2 + 1. Give t(1).
4
Let r(w) = -w**3 + 8*w**2 - 6*w - 11. Give r(7).
-4
Let b(u) = -u**3 - 10*u**2 - 10*u + 30. Determine b(-8).
-18
Let v(z) = -3*z**2 - 14*z + 1. What is v(-4)?
9
Let g(f) = 2*f**2 - 6*f + 3. Determine g(2).
-1
Let m(j) = -j**3 + 24*j**2 - 3*j + 73. Calculate m(24).
1
Let s(b) = b**2 + b + 1. What is s(4)?
21
Let c(b) = -6*b + 53. What is c(4)?
29
Let k(r) = -4*r**2 + 6*r + 2. Calculate k(4).
-38
Let c(x) = x**2 - x - 51. Give c(-8).
21
Let t(y) = -2*y**2 + 68*y - 250. Determine t(4).
-10
Let d(l) = 13*l**3 - 65*l**2 + 3*l - 3. Determine d(5).
12
Let p(t) = t**3 - 7*t**2 - t + 2. What is p(3)?
-37
Let l(i) = -6*i + 13. Give l(6).
-23
Let x(i) = -8*i**3 + 2*i**2 + 2*i - 3. Calculate x(2).
-55
Let r(u) = 9*u**2 - 12*u + 2. Calculate r(1).
-1
Let n(c) = 4*c - 12. Give n(6).
12
Let o(r) = r**2 + 7*r - 7. Calculate o(-7).
-7
Let x(i) = 20*i - 108. What is x(5)?
-8
Let v(s) = s**2 - 7*s - 34. Calculate v(8).
-26
Let k(w) = w + 82. Calculate k(-84).
-2
Let v(b) = b**2 - 36*b + 111. What is v(31)?
-44
Let g(c) = c**2 - 3*c - 2. Give g(4).
2
Let d(y) = y**3 + 5*y**2 - 6*y - 8. What is d(-6)?
-8
Let u(x) = -x**2 - 1. Give u(-5).
-26
Let q(b) = 8*b + 60. Give q(-8).
-4
Let q(s) = s**3 - 6*s**2 - 6*s - 16. Calculate q(7).
-9
Let g(d) = 21*d + 7. Calculate g(-3).
-56
Let c(f) = 6*f - 3. Determine c(2).
9
Let l(m) = 2*m**3 + 13*m**2 - 8*m - 8. Give l(-7).
-1
Let b(s) = 2*s - 22. Give b(13).
4
Let y(h) = 3*h - 5. Give y(12).
31
Let m(x) = 4*x**2 + 40*x + 67. Determine m(-7).
-17
Let i(p) = -84*p - 3. Give i(-1).
81
Let x(m) = -5*m**3 + 1. Give x(1).
-4
Let w(k) = k**3 - 14*k**2 - 18*k + 35. What is w(15)?
-10
Let w(b) = 4*b - 41. Determine w(10).
-1
Let o(w) = -5*w**3 - 4*w**2 + 3*w - 1. Determine o(1).
-7
Let s(d) = -3*d - 108. What is s(-29)?
-21
Let o(k) = -k - 12. Give o(-9).
-3
Let l(k) = 2*k**2 + 4*k + 3. Give l(-4).
19
Let r(n) = -n**2 + 14*n - 56. Give r(6).
-8
Let w(r) = 4*r + 175. Calculate w(-44).
-1
Let n(g) = -g**2 - 9*g - 11. What is n(-9)?
-11
Let d(r) = 7*r - 81. Give d(11).
-4
Let r(b) = -3*b**2 + 3*b - 2. Give r(4).
-38
Let x(h) = -h**3 + 6*h**2 - 7*h + 5. What is x(5)?
-5
Let k(x) = 2*x**2 + 7. Give k(0).
7
Let x(d) = -2*d**3 + 22*d**2 + 2*d - 24. Determine x(11).
-2
Let u(h) = h**3 + h**2 - 6*h + 7. Determine u(-5).
-63
Let c(w) = w**3 + 8*w**2 + 10*w + 20. Give c(-7).
-1
Let u(f) = -2*f + 6. Give u(-3).
12
Let u(o) = -3*o**2 - 42*o + 44. What is u(-15)?
-1
Let a(m) = m**2 + 11*m + 5. What is a(-4)?
-23
Let f(l) = l**2 - 7*l + 8. What is f(10)?
38
Let c(s) = -s**2 - 6*s - 8. What is c(-2)?
0
Let m(t) = t**3 - 5*t**2 + 6*t + 7. Give m(-1).
-5
Let r(c) = c**3 + c**2 + c + 2. Calculate r(-4).
-50
Let d(h) = 3*h. Calculate d(2).
6
Let a(n) = -2*n - 38. What is a(-31)?
24
Let l(w) = -w**2 + 21*w + 1. Determine l(21).
1
Let d(j) = -2*j**3 + 9*j**2 - 5*j + 4. Calculate d(6).
-134
Let l(g) = -g**2 + 21*g + 26. Give l(22).
4
Let a(q) = q**2 - 3*q - 9. Give a(7).
19
Let m(u) = 3*u - 2. Calculate m(-3).
-11
Let o(l) = l**2 - 15*l + 16. What is o(13)?
-10
Let b(x) = x**2 + 59*x - 331. Determine b(5).
-11
Let p(g) = -g**3 - 3*g**2 + 4*g + 9. Determine p(-4).
9
Let u(r) = -14*r - 276. What is u(-20)?
4
Let w(x) = 3*x - 31. Calculate w(9).
-4
Let g(u) = u - 3. Give g(-11).
-14
Let i(j) = -j**2 - 5*j - 2. Calculate i(-4).
2
Let l(s) = -4*s + 52. What is l(20)?
-28
Let o(i) = i**2 - 14*i - 87. What is o(16)?
-55
Let h(d) = -8*d**2 - 8*d + 3. What is h(-4)?
-93
Let d(w) = -2*w - 41. Determine d(-22).
3
Let t(f) = f**2 - 6*f + 1. Calculate t(7).
8
Let v(m) = 10*m**3 - m**2 - m - 1. Give v(-1).
-11
Let s(h) = 10*h - 76. Calculate s(7).
-6
Let y(h) = h**2 - 4*h + 3. What is y(5)?
8
Let h(f) = -f**3 - f**2 + 3*f - 1. Calculate h(0).
-1
Let z(i) = -18*i - 28. Give z(-2).
8
Let i(l) = l**2 - 11*l + 4. What is i(11)?
4
Let t(s) = 3*s - 57. Calculate t(19).
0
Let d(s) = -3*s - 130. Determine d(-43).
-1
Let p(z) = z**3 + 4*z**2 + z. Give p(-3).
6
Let s(n) = -n**3 - 4*n**2 - 6*n - 5. Calculate s(-3).
4
Let m(f) = -28*f + 22. Determine m(4).
-90
Let c(w) = w**2 - w + 5. Determine c(-4).
25
Let y(h) = 2*h**2 - 18*h - 7. What is y(9)?
-7
Let v(k) = 2*k**2 + k + 9. Give v(-3).
24
Let w(u) = 6*u - 161. Give w(28).
7
Let f(k) = -k**3 + 10*k**2 - 7*k + 5. Give f(9).
23
Let x(h) = h**3 - 7*h**2 + 3*h + 3. What is x(7)?
24
Let r(v) = -v**3 + 18*v**2 + 40*v - 3. Give r(20).
-3
Let s(z) = -50*z + 44. Determine s(1).
-6
Let c(i) = i**3 - 9*i - 3. Determine c(3).
-3
Let m(d) = 39*d + 188. Give m(-5).
-7
Let c(i) = -25*i**2 + 3*i - 2. Calculate c(1).
-24
Let d(k) = 5*k**3 + 4*k**2 - k - 1. Determine d(3).
167
Let h(f) = f**3 + 15*f**2 + 29*f - 21. Calculate h(-3).
0
Let r(b) = -b**3 + 3*b**2 + 7*b + 23. Give r(7).
-124
Let l(s) = 3*s - 11. Give l(0).
-11
Let t(m) = m**3 + 4*m**2 - 5*m - 1. Calculate t(-5).
-1
Let f(i) = i**3 + 8*i**2 + i + 28. Give f(-8).
20
Let c(w) = 2*w**3 + 13*w**2 + 4*w - 2. Calculate c(-6).
10
Let c(g) = g**3 + g**2 - g + 105. What is c(0)?
105
Let y(o) = -o**3 - 4*o**2 - 2*o - 5. What is y(-3)?
-8
Let y(q) = q**2 + 12*q - 929. Determine y(25).
-4
Let t(l) = -12*l**3 - l + 2. Calculate t(1).
-11
Let b(g) = 6*g**2 + 35*g - 34. Give b(1).
7
Let g(q) = q**2 - 6*q + 3. What is g(6)?
3
Let w(g) = g**3 + 11*g**2 - 44*g - 22. Give